actors of z + -1 + (-3 - -12)/(-3)?
3, 149
Let z(y) = 18*y - 9 - 12*y - 4*y. Let f = -40 - -59. List the prime factors of z(f).
29
Suppose 191*s - 61416 - 274744 = 0. List the prime factors of s.
2, 5, 11
Suppose -82241 = -5*i + 3*l, 3*l = -1109*i + 1110*i - 16429. List the prime factors of i.
16453
Suppose r + 6 = m, 5*m - 7 = 3*m - 3*r. Suppose -m*i + 486 = 16. Let y = 156 - i. What are the prime factors of y?
2, 31
Suppose 0 = 116*v - 86*v - 114390. Let o = v + -2332. What are the prime factors of o?
1481
Let j(k) = -435*k - 57. Let b be j(-4). Let n = -724 + b. What are the prime factors of n?
7, 137
Let o = -62 - -68. Let s be (-1)/(2 - 10/o) - -83. Let t = s + 44. List the prime factors of t.
2, 31
Let h = -805 - -825. Suppose h*a - 19*a + 3498 = 2*p, 2*p = 5*a + 3514. List the prime factors of p.
1747
Let o(m) = -2861*m**3 + 10*m**2 + 14*m + 4. List the prime factors of o(-1).
2861
Let v(g) = 3*g - 3*g - 4*g + g - 7*g**2 + 1004 + 0*g**2. What are the prime factors of v(0)?
2, 251
Suppose -102513 = -36*b + 129579. What are the prime factors of b?
3, 7, 307
Let l(w) = -6*w + 7 - w**3 - 8*w**2 + 0 + 10. Let x = -21312 + 21304. List the prime factors of l(x).
5, 13
Let k = -38 - -41. Suppose 0 = 5*d - k*l - 488 - 1457, 389 = d - 3*l. What are the prime factors of d?
389
Let g(x) = -2*x**2 - 123*x - 872. What are the prime factors of g(-22)?
2, 433
Suppose -46423 - 121125 = -16*b + 16388. List the prime factors of b.
2, 3, 479
Suppose 83*g = 24*g + 159890. What are the prime factors of g?
2, 5, 271
Suppose 47*j - 486571 = 24*j - 25260. What are the prime factors of j?
31, 647
List the prime factors of 6533760/192 - (-2 + 25).
31, 1097
Suppose 0 = 2*l - 2*d - 3*d - 2422, -3*d = 2*l - 2454. Suppose -l = -10*i + 849. Suppose c + 4*c - 217 = -n, i = 5*c - 4*n. What are the prime factors of c?
43
Let j(v) = 23*v - 134. Let m be j(21). Let h = m - 70. List the prime factors of h.
3, 31
Let r(h) = -h**3 + 11*h**2 - 11*h + 12. Suppose 51*c - 24 = 47*c. Let f be (-1 + 16/c)*6. List the prime factors of r(f).
2
Let b(g) = 8*g**2 - 8*g - 6. Suppose -2*s = -11*s + 45. Let a be b(s). Suppose -y - 112 - 34 = -2*o, 3*y = -2*o + a. What are the prime factors of o?
2, 37
Let y(i) = -9*i - 343. Let h be y(-39). Suppose 0 = 20*a + h*a - 51408. What are the prime factors of a?
2, 3, 17
Let g(x) = x + 19. Let s be 9/(-5 - -2) - 51. Let l = s - -43. List the prime factors of g(l).
2
Let i(m) = m**3 - 8*m**2 + 7*m + 7. Let k be i(7). Let s be -3 - (140/(-6))/(k/21). Suppose -93 = -4*w + s. List the prime factors of w.
2, 5
Suppose -3*k - 22048 = -55*k. Suppose 12*d - 7228 = -k. List the prime factors of d.
3, 7
Let c(q) = q**3 - 53*q**2 - 55*q + 169. Let t be c(54). List the prime factors of t/23 - (-1569)/(0 - -1).
2, 787
Let t be 12/28 + (-3300)/(-42). Let y = -79 + t. Suppose y = -2*h - 2*o + 109 + 155, -5*h + 610 = -5*o. List the prime factors of h.
127
Let f = -168 + 171. Suppose 3*r = f*a - 609, -a - 386 = -3*a - 2*r. List the prime factors of a.
2, 3, 11
Suppose -674443 = -374*k + 7728215. List the prime factors of k.
3, 7489
Let h = -70 + 96. Suppose 4*m - 1097 = j, h*m - 3*j = 22*m + 1107. List the prime factors of m.
3, 7, 13
Suppose -2*o + 2*f + 13 - 1 = 0, -4*f = -3*o + 20. Suppose 2*p - 3 - 147 = -5*q, 0 = -o*p - 3*q + 314. Suppose -5*n = -13*n + p. List the prime factors of n.
2, 5
Let a be (0 + 1)*(-3 - -5). Suppose -3*m = 3, -15 = -a*h + m - 6. Suppose -h*s + 268 = 5*l, -l = -6*s + s - 42. List the prime factors of l.
2, 13
Suppose -3*l = -2*b - 27 + 144, -5*b = -4*l - 303. Let f = 59 - b. List the prime factors of f/(-3)*(83/2 + 5).
2, 31
Suppose -44*i + 41*i = 15, 62154 = 2*g + 2*i. List the prime factors of g.
2, 15541
Let j be 20/190 + 69760/76. Suppose 13 = 919*m - j*m. What are the prime factors of m?
13
Suppose 4*k - 23 - 13 = 0. Suppose 0 = k*h - 8*h - 232. Suppose -g + h = 5*p, 2*p = -2*g + 45 + 51. What are the prime factors of p?
2, 23
Suppose -41*c + 18*c + 506 = 0. List the prime factors of 130/(-4)*1*(-32 + c).
5, 13
Let z = 26 - 22. Suppose -4*y = -0*a - 3*a + 515, 350 = 2*a - z*y. Let t = 7 + a. What are the prime factors of t?
2, 43
List the prime factors of (3258200/2750)/((-18)/20 + (0 - -1)).
2, 1481
Suppose 3*z - 8 = 4. Let l(j) = j**3 + 12*j**2 - 25*j + 47. Let m be l(-14). Suppose 3*q = -m*f + 127, -z*q + 102 = -2*q - f. What are the prime factors of q?
7
Let v = -72 - -16. Let u = 26 + v. List the prime factors of (u/(-12))/(3/54).
3, 5
Let w be (-36)/14*(36/4 - 2). Let f(b) = -28*b + 17. List the prime factors of f(w).
521
Suppose -10*a + 15*a = 2*w - 46, -2 = w. Let q = a - -18. What are the prime factors of q?
2
Suppose 27*g + 93167 = 336842. List the prime factors of g.
5, 19
Let f be (3 - 1)/1 - -4. Let u(v) = v**3 - 2*v**2 + 18*v - 30. List the prime factors of u(f).
2, 3, 37
Suppose -39 - 9 = -3*z. Suppose 4*j + 408 = z*j. List the prime factors of j.
2, 17
Suppose -8*v - 3*z = -6*v - 1136, -5*v - 2*z + 2829 = 0. Let u = v - -38. List the prime factors of u.
3, 67
Suppose -16*s + 289 = 241. Suppose -3*j = -3*x - 4518, -5*j + 3*j + 3007 = -s*x. What are the prime factors of j?
1511
Let b(s) = -12*s**3 + s**2 + 7. Suppose 6*x - 109 = -121. List the prime factors of b(x).
107
Let s = -2854 - -7606. Let h = s + -3178. What are the prime factors of h?
2, 787
Let s(m) = 44*m + 85. Suppose -3*t + 51 = 4*r, 9*r + 53 = 5*t + 5*r. List the prime factors of s(t).
3, 73
Let q = -75143 + 132914. List the prime factors of q.
3, 7, 131
Let k(l) = 787*l + 13743. List the prime factors of k(20).
29483
Suppose -5*i - 63*h = -59*h - 10254, h = -3*i + 6151. What are the prime factors of i?
2, 5, 41
Let h(s) = s**2 - 4*s - 3. Let x be h(4). Let i(c) = -182*c - 23. List the prime factors of i(x).
523
Let y be (-71 - -23)*(1 - 8/6). Let f(q) = -q**3 + 15*q**2 + 12*q - 33. Let c be f(y). Let l = 150 + c. List the prime factors of l.
53
Suppose -8*p + 19*p = 54835. Suppose 33*q = 28*q + p. List the prime factors of q.
997
Suppose 3*q - 2385 = -2*b, 4*b + 97*q - 4815 = 100*q. What are the prime factors of b?
2, 3, 5
Let g be 9*(1 + (-8)/12). Suppose 301 = 6*s - g*s - 4*q, 112 = s + q. What are the prime factors of s?
107
Let y(w) = 218*w**2 + 35*w + 179. What are the prime factors of y(-15)?
2, 761
Let t = 46 + -14. Suppose -12*h + 4*h = -t. Suppose 5*c + 57 = 5*j + 3*c, 3*j + h*c = 29. List the prime factors of j.
11
What are the prime factors of ((-611798)/10 - 432/360)*-1?
193, 317
Let t(q) = -402*q + 1014. What are the prime factors of t(-22)?
2, 3, 31, 53
Suppose 6672 = 34*b - 40*b. Let h = 2528 + b. List the prime factors of h.
2, 3, 59
Let l(i) = i**3 - 13*i**2 + 3*i + 10. Let s be l(13). Let c(o) = 16 + 10 + s - 2*o. What are the prime factors of c(0)?
3, 5
Let h = -1584 - -2551. Let l = h + -572. List the prime factors of l.
5, 79
Let p(i) = -965*i + 583. What are the prime factors of p(-13)?
2, 3, 547
Let t(j) = j**3 + 5*j**2 - 7*j - 10. Suppose -4*b - 20 = 0, 1 = 2*c - 2*b - 21. Suppose 8*y = c*y - 10. What are the prime factors of t(y)?
5
Suppose 4*x - 11678 = -q, -5*x = q - 16673 + 4998. List the prime factors of q.
2, 5, 7, 167
Let n be 60/(-150) + 274/10. Suppose -w - 2*i = -348, -2*i - 1036 = -30*w + n*w. List the prime factors of w.
2, 173
Let u = 25 - 25. Let s = -47 + 49. Suppose 4*v - 4*z - 72 = 0, u*v - 50 = -3*v + s*z. List the prime factors of v.
2, 7
Let x(f) = 14*f - 118. Let t be x(9). Suppose 0 = -t*d - 662 + 2902. What are the prime factors of d?
2, 5, 7
Let p(q) = 5*q - 15. Suppose -30 = -12*o + 66. List the prime factors of p(o).
5
Let r be ((-55)/(-20))/((-7)/(-588)). Suppose 211*j + 8500 = r*j. List the prime factors of j.
5, 17
Suppose -2*y - 91620 = 52*g - 54*g, 0 = g + 5*y - 45852. What are the prime factors of g?
45817
Suppose -16*a = 52 - 116. What are the prime factors of 262*((-20)/a + 9)?
2, 131
Let a(c) = 132*c**3 - 13*c**2 + 13*c + 20. List the prime factors of a(7).
2, 5, 179
Let g be (9/(-7) + 1)*7. What are the prime factors of 376 + g + 7 + -6 + -3?
2, 3, 31
Let r(h) = h**3 - h + 168. Suppose -40 = -12*l + 2*l. Suppose 3*c = 2*m - 3, m = -2*c + l*c + 2. List the prime factors of r(m).
2, 3, 7
Suppose -t - 3*d + d = 66, -4*t = 4*d + 244. Let h be (-2)/((t/12)/7). Suppose -h*s + 6*y = y - 16, -4